, what is e1add - a?
e1ad3
In base 11, what is 1a2 + 11120?
11312
In base 3, what is -211002002 + -1000211222?
-1211221001
In base 11, what is -8309 - -2023?
-6296
In base 9, what is 18 + 14117111?
14117130
In base 6, what is 310141 - -141?
310322
In base 2, what is 0 + 1000001110011111101110111?
1000001110011111101110111
In base 8, what is 23452 - -3423?
27075
In base 10, what is 21019175 + 1?
21019176
In base 15, what is -4 + 713e08?
713e04
In base 16, what is -2 - 258e22?
-258e24
In base 13, what is 17403bc5 - 2?
17403bc3
In base 12, what is 89 + -116511?
-116444
In base 3, what is -12 + 2200221001102?
2200221001020
In base 6, what is 2 - 544322241?
-544322235
In base 7, what is -262252610 + -12?
-262252622
In base 2, what is 11 - 100010001111100110100100?
-100010001111100110100001
In base 15, what is 5ee + 657c8?
65dc7
In base 14, what is 6 - -d8845c1?
d8845c7
In base 3, what is -202 - -10210220211121?
10210220210212
In base 12, what is -2b3 + -86a8?
-899b
In base 16, what is 11504 - 9f?
11465
In base 15, what is -148dbd - -7?
-148db6
In base 6, what is -131 + 115202415?
115202244
In base 16, what is -19b42a - 5?
-19b42f
In base 5, what is -2124 - 310011440?
-310014114
In base 3, what is -22122021 - 101121?
-100000212
In base 3, what is -12200022110222102 - -1?
-12200022110222101
In base 14, what is -18 + 81385?
8136b
In base 14, what is -3 + -700184?
-700187
In base 11, what is 1530695 + 1?
1530696
In base 16, what is -f + d61e1d?
d61e0e
In base 9, what is 163 + -48344?
-48171
In base 12, what is -75717a - 68?
-757226
In base 7, what is -65260116 - -3?
-65260113
In base 16, what is 1470c3 + 1?
1470c4
In base 14, what is -b1ac - -3d24?
-7288
In base 2, what is 10001100001010111001110011001 + -100?
10001100001010111001110010101
In base 14, what is -2054985 - 36?
-20549bb
In base 12, what is 467 - -945?
11b0
In base 5, what is -202401414 + 4032?
-202342332
In base 9, what is -1651106 + 30?
-1651066
In base 3, what is -12002120222100 + -22221?
-12002121022021
In base 4, what is -1 - 12101221233?
-12101221300
In base 11, what is -1977 - -831?
-1146
In base 3, what is 2201010201 + 112002?
2201122210
In base 12, what is 545280 + 238?
5454b8
In base 14, what is 151c3b + -d?
151c2c
In base 15, what is 29d + -cdd6a?
-cdabc
In base 5, what is -103134 - -40112142?
40004003
In base 3, what is -102022100011112110 + 0?
-102022100011112110
In base 9, what is -52413 - -11656?
-40646
In base 12, what is 5 - b29417?
-b29412
In base 13, what is 3c6c2 + -6a?
3c655
In base 4, what is 110 - 33220121011?
-33220120301
In base 11, what is -96a88 + 7?
-96a81
In base 8, what is 1 + -160060700?
-160060677
In base 16, what is -141f + 4da?
-f45
In base 9, what is -1 - -6734762?
6734761
In base 8, what is -202333 + -1776?
-204331
In base 3, what is 210 - -100110212211102?
100110212212012
In base 13, what is -100 + 41b517?
41b417
In base 11, what is -12 + -17540941?
-17540953
In base 7, what is -4 - -1152146511?
1152146504
In base 11, what is 6618 + -aa1?
5627
In base 14, what is 660d47 + -1?
660d46
In base 16, what is -185656 + -80?
-1856d6
In base 15, what is -2 + -1220e855?
-1220e857
In base 12, what is -37a06b - -b?
-37a060
In base 6, what is 0 - -2024203550?
2024203550
In base 6, what is 242401111155 + 0?
242401111155
In base 2, what is -10011001 - 10010101011000?
-10010111110001
In base 8, what is 634337 - 5?
634332
In base 16, what is 7bfe7c - 4?
7bfe78
In base 14, what is -56 - 22c12a?
-22c182
In base 7, what is 30434 - -20564?
51331
In base 16, what is 7f27a3 - -5?
7f27a8
In base 9, what is 21060203 + -1?
21060202
In base 5, what is 23003141120 + -10?
23003141110
In base 13, what is 12b0c192 - 3?
12b0c18c
In base 10, what is 5303 - 11389?
-6086
In base 2, what is -101110001 + -111011111011110?
-111100101001111
In base 8, what is -5 + -1234473620?
-1234473625
In base 16, what is 2c5e - -428b?
6ee9
In base 15, what is -e1 + 1922?
1831
In base 15, what is 2a228 - -9?
2a232
In base 4, what is -10 - 23033031000103?
-23033031000113
In base 8, what is 7 - 44667100?
-44667071
In base 8, what is 0 - -2043773344?
2043773344
In base 13, what is -87a - -56ba3?
56326
In base 16, what is -38 + 87c97?
87c5f
In base 16, what is 1 - -68b313?
68b314
In base 13, what is 21b - b7671?
-b7453
In base 4, what is 321220120 + 22?
321220202
In base 14, what is 78c1 - 69?
7856
In base 13, what is 6222768 + 5?
6222770
In base 8, what is 11334 - 36531?
-25175
In base 14, what is 2091 + 3ca?
247b
In base 9, what is 4517 - -4882?
10510
In base 10, what is 122 - 101854?
-101732
In base 16, what is 24988f + -2b?
249864
In base 4, what is -11113132132 + 1?
-11113132131
In base 3, what is 102001210012110 + 0?
102001210012110
In base 10, what is 3 + 38199982?
38199985
In base 7, what is -52316 + -231501?
-314120
In base 16, what is 208c10 - e4?
208b2c
In base 7, what is -201 + 133221025?
133220524
In base 13, what is -40b7ab + 30?
-40b77b
In base 7, what is 160 - -14143212?
14143402
In base 11, what is -3 + 353068?
353065
In base 5, what is 3130100431343 + -4?
3130100431334
In base 2, what is -10 - -1010011001010001011101110?
1010011001010001011101100
In base 2, what is 1011100 + 100100010010101011010?
100100010010110110110
In base 10, what is 41 - -2153778?
2153819
In base 10, what is 194535 - 214?
194321
In base 11, what is -201 - 272018?
-272219
In base 13, what is -61 - c8569c?
-c85730
In base 15, what is -1e156 - -12?
-1e144
In base 11, what is -41 + 477813?
477782
In base 6, what is -11353002 + 2504?
-11350054
In base 6, what is -153 - 142551114?
-142551311
In base 16, what is -a4a - -446e?
3a24
In base 2, what is -11 + -110010000011100010111110?
-110010000011100011000001
In base 16, what is -3 - -3c2f61a?
3c2f617
In base 14, what is 414aa5 + 1?
414aa6
In base 15, what is -1 - e7bebd?
-e7bebe
In base 4, what is 1200011300100 + 10?
1200011300110
In base 4, what is 321 - -12331000?
12331321
In base 12, what is -14404 - -1521?
-12aa3
In base 14, what is 11c + -1836c?
-18250
In base 16, what is 1e10e + 5?
1e113
In base 4, what is -1333112320 + 223?
-1333112031
In base 3, what is -1001221 + -11202220222?
-11210222220
In base 15, what is 4 + -426b0d?
-426b09
In base 3, what is 2 - -201000000121?
201000000200
In base 10, what is -94262 + -17455?
-111717
In base 7, what is 16532206143 + -1?
16532206142
In base 7, what is -311 - 252610?
-253221
In base 6, what is 14003451423 + -1?
14003451422
In base 11, what is 0 + 5a8132?
5a8132
In base 5, what is -1031 - -120312334?
120311303
In base 3, what is -1020220121111 - -10220?
-1020220110121
In base 16, what is -4 + -310a91?
-310a95
In base 14, what is -287 - -297a?
26d3
In base 14, what is 13 - 1096cc?
-1096b9
In base 9, what is 862 + -28705?
-27733
In base 11, what is a6681 + 186?
a6857
In base 7, what is 26051633 - -10?
26051643
In base 11, what is -3 + 3954098?
3954095
In base 8, what is 1 + -244345?
-244344
In base 16, what is 5 - -d05c58?
d05c5d
In base 9, what is 23526 - -11637?
35264
In base 11, what is 13 - -3592057?
359206a
In base 12, what is 1729 + 285b?
4388
In base 8, what is 50052 - 37660?
10172
In base 4, what is -2201301 + 133?
-2201102
In base 3, what is 110220 - 2202001120000?
-2202001002010
In base 4, what is -11 - -1101100112021?
1101100112010
In base 15, what is 3e9eb - 2?
3e9e9
In base 5, what is -333130 + 20031?
-313044
In base 9, what is 1 - 123361375?
-123361374
In base 15, what is 98b1a - -15c?
98c77
In base 3, what is 101 + -11111220222?
-11111220121
In base 3, what is -10221211012 + 11?
-10221211001
In base 4, what is 20312113 + 1?
20312120
In base 15, what is 1ec0041d + -2?
1ec0041b
In base 6, what is -113 - -50304?
50151
In base 2, what is 111101110000 + 11110100011100?
100110010001100
In base 8, what is -11701044 + 6?
-11701036
In base 15, what is 1ad6210 - 4?
1ad620b
In base 7, what is 52606060 - 6?
52606051
In base 6, what is 4 - -2434545250?
2434545254
In base 16, what is -3d7 + 14467?
14090
In base 7, what is -116024111 - 0?
-116024111
In base 4, what is 20020002303 - 11?
20020002232
In base 13, what is 4bc - -4945c?
4994b
In base 6, what is -533311 - -1222?
-532045
In base 14, what is 2 + -114d026?
-114d024
In base 2, what is 101 + 11011110010101010110010011?
11011110010101010110011000
In base 14, what is 1 + 3441